 - 15. Let x be y(d). Let i(w) = 13*w + 13. Let n(u) = -3*u - 3. Let f(r) = -2*i(r) - 9*n(r). Give f(x).
-3
Let o(f) = f + 1330*f**3 + 9 - 2*f - 664*f**3 - 665*f**3. Calculate o(0).
9
Suppose 0 = -3*b - 0*b - 153. Let p be (-2)/(b/(-15) + -3). Let l(r) = 4*r + 4 - 3*r**2 + 4*r**2 + 0. Calculate l(p).
9
Suppose 5*u = -l + 21, -l - 4*l = 2*u - 59. Let d = 10 - l. Let j(z) = 1 - 5 + 2*z + 1 + 4. What is j(d)?
-1
Let u(m) = 6*m - 2 + 2 - 27*m. What is u(-1)?
21
Let t = -330 + 330. Let u(y) be the third derivative of 0 - 4*y**2 + t*y + 1/3*y**3 - 1/24*y**4. Determine u(4).
-2
Let s(b) = -b**3 - 14*b**2 + 15*b + 5. Let o be s(-15). Suppose 3 = -4*n - o*a, a = -n - n - 3. Let g(l) = -4*l + 2*l**2 + l**3 + 2*l + 3*l + l. Determine g(n).
-4
Let z(x) = 3*x + 6. Suppose -2*g + 2 = -0*g - 2*i, -g + 2*i - 3 = 0. Determine z(g).
21
Let j(g) be the second derivative of -29*g - 1/6*g**3 + 6*g**2 + 0. Determine j(9).
3
Let t(k) = k**3 - 7*k**2 + 8*k - 6. Let n = -214 + 219. Give t(n).
-16
Let i(z) = 14*z**2 + 2 - 13*z**2 - 2*z**2 + 4*z. Determine i(5).
-3
Let c(r) = 3*r**2 - 4*r - 2. Let v be (4 + (-26)/6)/(1/(-12)). Determine c(v).
30
Let p(x) be the first derivative of x**4/4 + 10*x**3/3 + 9*x**2/2 + 9*x + 619. Give p(-9).
9
Let l(c) = -3*c**2 - 4*c + 2. Let h(k) = -10*k**2 - 14*k + 7. Let q(r) = 2*h(r) - 7*l(r). Calculate q(-1).
1
Let b(j) = -3*j + 2*j - 2*j - 5027 + 5008. Calculate b(-9).
8
Let s(h) = h - 5. Suppose 0 = -2*i + 4*i + 18. Let r(p) = -4*p - 35. Let f(j) = -2*j - 18. Let t(w) = -11*f(w) + 6*r(w). Let k be t(i). Calculate s(k).
1
Let u(p) be the third derivative of p**4/12 - 7*p**3/2 - 96*p**2. Calculate u(6).
-9
Suppose 3*t - 5*u = 2, 4*t + 0*u = 4*u + 8. Suppose 25 = 3*p + t*i + 2, p = 2*i - 9. Let n(d) = 5*d + 1. Determine n(p).
6
Let z(g) = -7*g**2 - 5*g + 1. Let w(v) = -6*v**2 - 4*v + 1. Let r(u) = -5*w(u) + 4*z(u). Suppose 3*f + 5*s + 16 = 0, 2*f - 5*f - 4*s - 11 = 0. Give r(f).
17
Suppose s - 3*r = 1, -3*s + 34 = -2*r + 3. Suppose 0*h - h + s = 3*w, -4*w - h = -16. Let y(g) = 2 - 3 + w*g - 11*g. Give y(1).
-9
Let n = 3 - 5. Let c(l) be the second derivative of l**3 - l**2/2 + l + 133. Determine c(n).
-13
Let q(f) = 6*f**3 - 9*f + 16*f**3 - f**2 - 11*f - 8*f**3. Let m(v) = -5*v**3 + 7*v. Let u(j) = -11*m(j) - 4*q(j). Determine u(5).
-10
Suppose 0 = -2*w - 4*y + 18, -4*w - 2*y = 80 - 104. Let f(m) = -12*m + 12. Let l = -15 + 37. Let v(x) = -x + 1. Let d(p) = l*v(p) - 2*f(p). Calculate d(w).
8
Let x(j) = -j**3 + 4*j**2 + 7*j - 5. Let o(i) = i**2 - i + 5. Suppose -5*n = 2*k - n - 12, -2*k = n - 3. Let m be o(k). Calculate x(m).
5
Let u(x) = x**2 - 4*x + 3. Let y be u(4). Let w(f) = -f**3 - 4 - 1 + y*f - f**2 - f**2 - f**2. What is w(-4)?
-1
Let h = 214 + -147. Let l = -71 + h. Let p(o) = o**3 + 4*o**2 - 3*o - 2. What is p(l)?
10
Let o(j) = 3*j - 5 - 5 + 0 + 5 - 2. What is o(1)?
-4
Let c be (-282)/(-1269) + 4*28/(-18). Let z(m) = m**3 + 7*m**2 + 5*m + 12. What is z(c)?
18
Let a(n) be the third derivative of -n**4/8 - n**2. Suppose 2*h - 7*h = 30. Let r(f) = -f**2 - 3*f + 20. Let q be r(h). Calculate a(q).
-6
Suppose 2*l - l = 3. Let o(n) be the third derivative of 6*n**2 + 0*n + 0 - 1/20*n**5 + 1/120*n**6 + 1/24*n**4 + 2/3*n**3. Calculate o(l).
7
Let s(q) be the second derivative of -q**2 - 1/2*q**3 + 13*q - 1/6*q**4 + 0. Let p(z) be the first derivative of s(z). What is p(-6)?
21
Let z be (-4)/4 - (-1 - -1). Let f be 4 - (z + 0 - 0). Let t(h) = 4 + 3*h + 5*h + 2 - 7*h. Calculate t(f).
11
Let h be (-9)/2 + 6/4. Let y(f) = -f**3 - 9*f**2 - 7*f + 10. Let u be y(-8). Let d(q) = 5*q**2 - 1 - 2*q**u - 3*q - 4*q**2. Give d(h).
-1
Suppose -70 = 4*x - 114. Let l(k) = -k + 11. What is l(x)?
0
Let g(u) = -12*u**2 - 51*u - 8. Let x be g(-4). Let k(m) = -5*m - 1. Give k(x).
-21
Let z(s) = 8. Let r(c) = 8*c - 13. Let g(f) = -r(f) - 2*z(f). Determine g(1).
-11
Let s be (-42)/3 + 4/(-6)*-3. Let f(v) = -v**3 - 13*v**2 - 14*v - 7. Determine f(s).
17
Suppose -4*g + 10 = -9*g - 4*r, 4*g - 2*r - 18 = 0. Let x(j) = 7*j - 5. Determine x(g).
9
Let t(q) = -10*q**3 + 6 - q**3 - q**2 - q + 19 - 24. Calculate t(1).
-12
Let x(h) = -h**3 + 8*h**2 + 8*h + 10. Let r be x(9). Let j(b) = 306 - b - 305 + 4*b**2 + 4*b**2. What is j(r)?
8
Let w = 26 - 8. Suppose 3*m + 0*m = w. Let z(n) = 3*n + 4 - 8*n**2 + n**2 + m*n**2 + n. What is z(4)?
4
Let j(h) = 3*h**2 - 3*h - 9. Let z(x) = -x**2 - x - 2. Let d(r) = -j(r) + 4*z(r). Suppose m - 1 + 0 = 0. Determine d(m).
-7
Let p(v) = v**2 - v - 1. Suppose -3*d + 7 = j, 13*j + 1 = 3*d + 17*j. Determine p(d).
5
Let c be (-15)/9 - (-187)/102. Let j(l) be the second derivative of c*l**4 - 1/6*l**3 + l**2 + 4*l + 0. Determine j(2).
8
Let y(t) = -27 + 5 + 6*t + 5 + 11 + t**2. Determine y(-7).
1
Let y be ((-2)/6)/(8/120). Let q(i) = -i - 3. Give q(y).
2
Let c be (-10)/3*(-18)/(-15). Let u be (9 - 9)/(-1 - 0). Let y(q) = u*q + 1 - 5*q + 3 + 3*q. Give y(c).
12
Let l(c) = -2*c**2 - c**3 - 2*c + 6*c - 3*c. Suppose -2*m + 4*a + 16 = 0, 4*m = 4*a + 11 + 9. What is l(m)?
-14
Suppose -5 + 26 = 3*h. Let c(o) = 0*o + 0*o - h*o**2 - o**3 - o - 5*o - 1. What is c(-5)?
-21
Let m(q) = 13*q**3 + 26*q**2 + 10*q - 2. Let k(h) = 8*h**3 + 17*h**2 + 7*h - 1. Let a(x) = -8*k(x) + 5*m(x). What is a(5)?
-57
Let s(o) be the third derivative of o**6/120 - 2*o**5/5 + 23*o**4/24 + o**3/3 + 47*o**2. Let v be s(23). Let z(w) = w**3 + 3*w**2 - 4*w + 2. What is z(v)?
14
Let x(o) be the third derivative of -o**4/12 + o**3/6 - 11*o**2. Let s(j) = j**3 + 10*j**2 - 24*j + 6. Let q be s(-12). Calculate x(q).
-11
Let k(f) = -2*f**2 + 1. Let c(m) = 4*m**2 - 2*m - 2. Let u(i) = -c(i) - 3*k(i). What is u(1)?
3
Let o(i) = -19*i - 107. Let u be o(-6). Let s(g) = -g**3 + 6*g**2 + 7*g - 6. Determine s(u).
-6
Let r(p) = 1. Let o(s) = 15*s - 5. Let g(w) = -o(w) + 5*r(w). Let h(n) = 7*n - 5. Let l(t) = -6*g(t) - 13*h(t). Give l(8).
-3
Let c(j) = -j - 3. Let k = -101 + 95. Give c(k).
3
Let i(k) = 5*k**2 - 14*k + 27. Let o(z) = -2*z**2 + 7*z - 13. Let g(r) = -3*i(r) - 7*o(r). Suppose f + 63 = -6*f. Calculate g(f).
-8
Let b(l) = -l + 10. Suppose -108 = 5*i + z, -z + 90 = -3*i - i. Let v = 22 + i. Suppose -y - y = v. Give b(y).
10
Let c(m) = 10*m + 1 + 18*m - 1. Determine c(1).
28
Let q be -3*5/(-30)*-6. Let u be (q - 1)/(8/(-12)). Let l(y) = -y**2 + 6*y + 7. What is l(u)?
7
Let o = 16 - 18. Let x be 3 - -1*(o - 3). Let q(d) = 2*d. Determine q(x).
-4
Let x(g) = -28*g**3 - 7*g**2 + 8*g + 2. Let j(q) = -13*q**3 - 4*q**2 + 4*q + 2. Let a(s) = 13*j(s) - 6*x(s). What is a(-10)?
-26
Let n(f) = -f + 1. Suppose -4*y + 125 = -5*r, -2*y + 48 = -4*r - 16. Let v be 96/(-45) + 4/y. Determine n(v).
3
Let d = -850 + 884. Let n(f) = 2*f - 70. Determine n(d).
-2
Let o(m) = 109*m + 2. Let w be o(0). Let p(j) = -j**2 - 3*j + 10. What is p(w)?
0
Let k(h) = 0 - 90*h + 46*h + 42*h - 2. Calculate k(-2).
2
Let a be (5 - 2 - 1)*-1. Let x be a/(-11) - 6/33. Suppose -15 = -x*o + 3*o. Let p(z) = z + 5. Determine p(o).
0
Let w(k) = -16*k**3 - 11*k**2 + 3*k - 7. Let v(o) = 21*o**3 + 12*o**2 - 4*o + 7. Let q(j) = -3*v(j) - 4*w(j). Suppose 0 = 4*r - 0*r + 32. Determine q(r).
7
Let x(j) be the third derivative of j**8/4032 + j**7/5040 + j**5/60 - 9*j**2. Let i(l) be the third derivative of x(l). Calculate i(1).
6
Let o(d) = 15*d - 46. Let i(l) = -3*l + 9. Suppose -2*s + 0 - 12 = -2*b, -3*b + 22 = -4*s. Let u(c) = b*o(c) + 11*i(c). What is u(6)?
-11
Let z(d) = -d**2 + 6*d + 2. Let i = 1 + 4. Suppose 0 = i*j + 11 - 36. Let t(c) = -c**2 + 6*c + 3. Let f(y) = j*z(y) - 6*t(y). What is f(6)?
-8
Let p(a) = 10*a + 163. Let z be p(-17). Let x(d) be the first derivative of d**2/2 + 4*d - 1. What is x(z)?
-3
Let r(b) = 2*b + 5. Suppose 226 - 244 = 6*a. What is r(a)?
-1
Suppose -3*f = -k + 16, 0 = f + 3*k - 0*k + 22. Let m(d) = -d**2 - 8*d. Give m(f).
7
Let q(b) = 2*b - 3. Suppose 2*j + 3*a - 2 = 0, 4*a = 5*j + 7*a - 14. Give q(j).
5
Let w(j) = 6*j + 15 - 5*j - 2*j. Suppose 8 = 7*u + 8. Give w(u).
15
Let k(z) = -6*z**2 - 3*z + 5. Let x(f) = 4*f**2 + 4*f - 3. Let j(r) = 3*k(r) + 4*x(r). Give j(6).
-27
Let h be 51/9 + (-3)/(-9). Let b(n) = -3*n**2 - 2*n + 30*n**3 - 31*n**3 + 9*n**2. Calculate b(h).
-12
Let h = -4 + 8. Suppose 0 = h*s + s - 30. Let v(i) = 10*i**2 - 21*i + 13. Let f(y) = 3*y**2 - 7*y + 4. Let a(z) = -7*f(z) + 2*v(z). Dete